{"id":142,"date":"2011-11-13T22:37:59","date_gmt":"2011-11-13T22:37:59","guid":{"rendered":"http:\/\/www.soustons-noms-lieux.fr\/?page_id=142"},"modified":"2018-01-01T10:38:50","modified_gmt":"2018-01-01T10:38:50","slug":"annexes","status":"publish","type":"page","link":"https:\/\/www.soustons-noms-lieux.fr\/?page_id=142","title":{"rendered":"Documentation"},"content":{"rendered":"<p>Voir :<\/p>\n<p><span class=\"Apple-style-span\" style=\"color: #000000; font-family: Baskerville, Georgia, 'Times New Roman', Times, serif; font-size: 22px; line-height: 32px;\"><a title=\"Les sources\" href=\"https:\/\/www.soustons-noms-lieux.fr\/?page_id=182\" target=\"_blank\" rel=\"noopener noreferrer\">Les sources<\/a><\/span><\/p>\n<p><span class=\"Apple-style-span\" style=\"color: #000000; font-family: Baskerville, Georgia, 'Times New Roman', Times, serif; font-size: 22px; line-height: 32px;\"><a title=\"La Gascogne, le gascon\" href=\"https:\/\/www.soustons-noms-lieux.fr\/?page_id=95\" target=\"_blank\" rel=\"noopener noreferrer\">Le gascon<\/a><\/span><\/p>\n<p><span class=\"Apple-style-span\" style=\"color: #000000; font-family: Baskerville, Georgia, 'Times New Roman', Times, serif; font-size: 22px; line-height: 32px;\"><a href=\"https:\/\/www.soustons-noms-lieux.fr\/wp-content\/uploads\/\/40 documentation\/lire-le-gascon-130610-copie.pdf\" target=\"_blank\" rel=\"noopener noreferrer\">Comment lire la graphie occitane normalis\u00e9e adapt\u00e9e au gascon dialectal de Soustons<\/a><\/span><\/p>\n<p><span class=\"Apple-style-span\" style=\"color: #000000; font-family: Baskerville, Georgia, 'Times New Roman', Times, serif; font-size: 22px; line-height: 32px;\"><a title=\"Lexique de mots sp\u00e9cialis\u00e9s\" href=\"https:\/\/www.soustons-noms-lieux.fr\/?page_id=542\" target=\"_blank\" rel=\"noopener noreferrer\">Lexique de mots sp\u00e9cialis\u00e9s<\/a><\/span><\/p>\n<p><span class=\"Apple-style-span\" style=\"color: #000000; font-family: Baskerville, Georgia, 'Times New Roman', Times, serif; font-size: 22px; line-height: 32px;\"><a title=\"Abr\u00e9viations\" href=\"https:\/\/www.soustons-noms-lieux.fr\/?page_id=250\" target=\"_blank\" rel=\"noopener noreferrer\">Signes et abr\u00e9viations<\/a><\/span><\/p>\n<p><span class=\"Apple-style-span\" style=\"color: #000000; font-family: Baskerville, Georgia, 'Times New Roman', Times, serif; font-size: 22px; line-height: 32px;\"><a title=\"Suffixes\" href=\"https:\/\/www.soustons-noms-lieux.fr\/?page_id=546\" target=\"_blank\" rel=\"noopener noreferrer\">Suffixes gascons<\/a><\/span><\/p>\n<p><span class=\"Apple-style-span\" style=\"color: #000000; font-family: Baskerville, Georgia, 'Times New Roman', Times, serif; font-size: 22px; line-height: 32px;\"><a title=\"Bibliographie\" href=\"https:\/\/www.soustons-noms-lieux.fr\/?page_id=548\" target=\"_blank\" rel=\"noopener noreferrer\">Ouvrages utilis\u00e9s<\/a><\/span><\/p>\n<p>Retourner \u00e0 :&nbsp;<a title=\"Accueil\" href=\"https:\/\/www.soustons-noms-lieux.fr\/\" target=\"_blank\" rel=\"noopener noreferrer\">Accueil<\/a><\/p>\n<p>&nbsp;<\/p>\n","protected":false},"excerpt":{"rendered":"<p>Voir : Les sources Le gascon Comment lire la graphie occitane normalis\u00e9e adapt\u00e9e au gascon dialectal de Soustons Lexique de mots sp\u00e9cialis\u00e9s Signes et abr\u00e9viations Suffixes gascons Ouvrages utilis\u00e9s Retourner \u00e0 :&nbsp;Accueil &nbsp;<\/p>\n","protected":false},"author":1,"featured_media":0,"parent":238,"menu_order":500,"comment_status":"closed","ping_status":"closed","template":"onecolumn-page.php","meta":{"ngg_post_thumbnail":0,"footnotes":""},"class_list":["post-142","page","type-page","status-publish","hentry"],"_links":{"self":[{"href":"https:\/\/www.soustons-noms-lieux.fr\/index.php?rest_route=\/wp\/v2\/pages\/142","targetHints":{"allow":["GET"]}}],"collection":[{"href":"https:\/\/www.soustons-noms-lieux.fr\/index.php?rest_route=\/wp\/v2\/pages"}],"about":[{"href":"https:\/\/www.soustons-noms-lieux.fr\/index.php?rest_route=\/wp\/v2\/types\/page"}],"author":[{"embeddable":true,"href":"https:\/\/www.soustons-noms-lieux.fr\/index.php?rest_route=\/wp\/v2\/users\/1"}],"replies":[{"embeddable":true,"href":"https:\/\/www.soustons-noms-lieux.fr\/index.php?rest_route=%2Fwp%2Fv2%2Fcomments&post=142"}],"version-history":[{"count":3,"href":"https:\/\/www.soustons-noms-lieux.fr\/index.php?rest_route=\/wp\/v2\/pages\/142\/revisions"}],"predecessor-version":[{"id":6636,"href":"https:\/\/www.soustons-noms-lieux.fr\/index.php?rest_route=\/wp\/v2\/pages\/142\/revisions\/6636"}],"up":[{"embeddable":true,"href":"https:\/\/www.soustons-noms-lieux.fr\/index.php?rest_route=\/wp\/v2\/pages\/238"}],"wp:attachment":[{"href":"https:\/\/www.soustons-noms-lieux.fr\/index.php?rest_route=%2Fwp%2Fv2%2Fmedia&parent=142"}],"curies":[{"name":"wp","href":"https:\/\/api.w.org\/{rel}","templated":true}]}}