{"id":2045,"date":"2012-12-21T08:41:24","date_gmt":"2012-12-21T08:41:24","guid":{"rendered":"http:\/\/www.soustons-noms-lieux.fr\/?page_id=2045"},"modified":"2017-03-27T14:28:49","modified_gmt":"2017-03-27T14:28:49","slug":"paroisse-et-commune-de-soustons","status":"publish","type":"page","link":"https:\/\/www.soustons-noms-lieux.fr\/?page_id=2045","title":{"rendered":"Paroisse et commune de Soustons en 1888"},"content":{"rendered":"<p style=\"text-align: left;\" align=\"CENTER\">Ce document conserv\u00e9 aux Archives d\u00e9partementales des Landes (cote 16 J 16 b) est tout entier de la main du cur\u00e9 Daugareil. Il est sign\u00e9 et dat\u00e9 du 5 juillet 1888. Il a \u00e9t\u00e9 publi\u00e9 par Andr\u00e9 Labertit dans le num\u00e9ro 5 des <em>Cahiers du Sud Landais<\/em> (SADIPAC, Capbreton, 2007).<\/p>\n<p align=\"CENTER\">_________________________________________________________________________________________________________________<\/p>\n<p align=\"CENTER\"><span class=\"Apple-style-span\" style=\"font-size: x-large;\"><strong>PAROISSE ET COMMUNE DE SOUSTONS<\/strong><\/span><\/p>\n<h3 align=\"LEFT\">I . STATISTIQUE RELIGIEUSE ET CIVILE<\/h3>\n<h3 align=\"LEFT\"><span class=\"Apple-style-span\" style=\"font-size: 22px; line-height: 32px;\"><span style=\"font-size: medium;\">[ A . STATISTIQUE <\/span><span style=\"font-family: Arial, sans-serif;\"><span style=\"font-size: medium;\">] <\/span><\/span><span style=\"font-size: medium;\">RELIGIEUSE<\/span><\/span><\/h3>\n<p><span class=\"Apple-style-span\" style=\"color: #000000; font-family: Baskerville, Georgia, 'Times New Roman', Times, serif; font-size: 29px; line-height: 43px;\">Chapitre 1<sup>er<\/sup><\/span><\/p>\n<p align=\"JUSTIFY\">La commune et la paroisse de Soustons ont m\u00eame nom et m\u00eame territoire. Commune, c\u2019est le chef-lieu du canton&nbsp;; paroisse, c\u2019est le chef-lieu du doyenn\u00e9.<\/p>\n<p align=\"JUSTIFY\">Sa population, d\u2019apr\u00e8s le recensement dernier, est de trois mille huit cent quarante-deux habitants, tous catholiques.<\/p>\n<p align=\"JUSTIFY\">Il n\u2019y a qu\u2019une seule \u00e9glise, et son patron est saint Pierre, chef des Ap\u00f4tres. (&#8230;)<\/p>\n<p><a href=\"https:\/\/www.soustons-noms-lieux.fr\/wp-content\/uploads\/60 autres notes et publications\/paroisse-et-commune-de-Soustons-copie.pdf\" target=\"_blank\">Lire la suite<\/a><\/p>\n<p align=\"CENTER\">_________________________________________________________________________________________________________________<\/p>\n<p>Retourner \u00e0 :&nbsp;<a href=\"https:\/\/www.soustons-noms-lieux.fr\/?page_id=153\">Autres notes<\/a><\/p>\n<p>Aller \u00e0 :&nbsp;<a title=\"Accueil\" href=\"https:\/\/www.soustons-noms-lieux.fr\/\">Accueil<\/a><\/p>\n","protected":false},"excerpt":{"rendered":"<p>Ce document conserv\u00e9 aux Archives d\u00e9partementales des Landes (cote 16 J 16 b) est tout entier de la main du cur\u00e9 Daugareil. Il est sign\u00e9 et dat\u00e9 du 5 juillet 1888. Il a \u00e9t\u00e9 publi\u00e9 par Andr\u00e9 Labertit dans le &hellip; <a href=\"https:\/\/www.soustons-noms-lieux.fr\/?page_id=2045\">Continuer la lecture <span class=\"meta-nav\">&rarr;<\/span><\/a><\/p>\n","protected":false},"author":1,"featured_media":0,"parent":153,"menu_order":615,"comment_status":"closed","ping_status":"closed","template":"onecolumn-page.php","meta":{"ngg_post_thumbnail":0,"footnotes":""},"class_list":["post-2045","page","type-page","status-publish","hentry"],"_links":{"self":[{"href":"https:\/\/www.soustons-noms-lieux.fr\/index.php?rest_route=\/wp\/v2\/pages\/2045","targetHints":{"allow":["GET"]}}],"collection":[{"href":"https:\/\/www.soustons-noms-lieux.fr\/index.php?rest_route=\/wp\/v2\/pages"}],"about":[{"href":"https:\/\/www.soustons-noms-lieux.fr\/index.php?rest_route=\/wp\/v2\/types\/page"}],"author":[{"embeddable":true,"href":"https:\/\/www.soustons-noms-lieux.fr\/index.php?rest_route=\/wp\/v2\/users\/1"}],"replies":[{"embeddable":true,"href":"https:\/\/www.soustons-noms-lieux.fr\/index.php?rest_route=%2Fwp%2Fv2%2Fcomments&post=2045"}],"version-history":[{"count":3,"href":"https:\/\/www.soustons-noms-lieux.fr\/index.php?rest_route=\/wp\/v2\/pages\/2045\/revisions"}],"predecessor-version":[{"id":6594,"href":"https:\/\/www.soustons-noms-lieux.fr\/index.php?rest_route=\/wp\/v2\/pages\/2045\/revisions\/6594"}],"up":[{"embeddable":true,"href":"https:\/\/www.soustons-noms-lieux.fr\/index.php?rest_route=\/wp\/v2\/pages\/153"}],"wp:attachment":[{"href":"https:\/\/www.soustons-noms-lieux.fr\/index.php?rest_route=%2Fwp%2Fv2%2Fmedia&parent=2045"}],"curies":[{"name":"wp","href":"https:\/\/api.w.org\/{rel}","templated":true}]}}