{"id":4982,"date":"2016-02-27T11:33:24","date_gmt":"2016-02-27T11:33:24","guid":{"rendered":"http:\/\/www.soustons-noms-lieux.fr\/?page_id=4982"},"modified":"2018-01-01T18:17:03","modified_gmt":"2018-01-01T18:17:03","slug":"dupiec","status":"publish","type":"page","link":"https:\/\/www.soustons-noms-lieux.fr\/?page_id=4982","title":{"rendered":"Dupiec"},"content":{"rendered":"<p>Dupiec&nbsp;<img loading=\"lazy\" decoding=\"async\" title=\"Voir-la-fiche\" src=\"https:\/\/www.soustons-noms-lieux.fr\/wp-content\/uploads\/\/30a fiches\/Voir-la-fiche.png\" alt=\"\" width=\"14\" height=\"14\"><a href=\"https:\/\/www.soustons-noms-lieux.fr\/wp-content\/uploads\/\/30a fiches\/Dupiec-130102.pdf\" target=\"_blank\" rel=\"noopener noreferrer\">Voir la fiche de nom<\/a><\/p>\n<!-- index.php -->\n<div\n\tclass=\"ngg-galleryoverview\"\n\tid=\"ngg-gallery-0898cb0335bbc8848258d7746f3b389a-1\">\n\n    \t\t<!-- Thumbnails -->\n\t\t\t\t<div id=\"ngg-image-0\" class=\"ngg-gallery-thumbnail-box\" >\n\t\t\t\t        <div class=\"ngg-gallery-thumbnail\">\n            <a href=\"https:\/\/www.soustons-noms-lieux.fr\/wp-content\/gallery\/dupiec\/dupiec-1-ac-webi-wm.jpg\"\n               title=\"Apr\u00e8s l&#039;incendie\"\n               data-src=\"https:\/\/www.soustons-noms-lieux.fr\/wp-content\/gallery\/dupiec\/dupiec-1-ac-webi-wm.jpg\"\n               data-thumbnail=\"https:\/\/www.soustons-noms-lieux.fr\/wp-content\/gallery\/dupiec\/thumbs\/thumbs_dupiec-1-ac-webi-wm.jpg\"\n               data-image-id=\"239\"\n               data-title=\"Dupiec 1\"\n               data-description=\"Apr\u00e8s l&#039;incendie\"\n               data-image-slug=\"dupiec-1\"\n               class=\"shutterset_0898cb0335bbc8848258d7746f3b389a\">\n                <img\n                    title=\"Dupiec 1\"\n                    alt=\"Dupiec 1\"\n                    src=\"https:\/\/www.soustons-noms-lieux.fr\/wp-content\/gallery\/dupiec\/thumbs\/thumbs_dupiec-1-ac-webi-wm.jpg\"\n                    width=\"100\"\n                    height=\"75\"\n                    style=\"max-width:100%;\"\n                \/>\n            <\/a>\n        <\/div>\n\t\t\t\t\t\t\t<\/div> \n\t\t\t\n                            \n\t\t\t\t<div id=\"ngg-image-1\" class=\"ngg-gallery-thumbnail-box\" >\n\t\t\t\t        <div class=\"ngg-gallery-thumbnail\">\n            <a href=\"https:\/\/www.soustons-noms-lieux.fr\/wp-content\/gallery\/dupiec\/dupiec-2-porte-el-web-wm.jpg\"\n               title=\"Porte fa\u00e7ade sud (photo \u00c9tienne Lavigne, 1999)\"\n               data-src=\"https:\/\/www.soustons-noms-lieux.fr\/wp-content\/gallery\/dupiec\/dupiec-2-porte-el-web-wm.jpg\"\n               data-thumbnail=\"https:\/\/www.soustons-noms-lieux.fr\/wp-content\/gallery\/dupiec\/thumbs\/thumbs_dupiec-2-porte-el-web-wm.jpg\"\n               data-image-id=\"240\"\n               data-title=\"Dupiec 2\"\n               data-description=\"Porte fa\u00e7ade sud (photo \u00c9tienne Lavigne, 1999)\"\n               data-image-slug=\"dupiec-2\"\n               class=\"shutterset_0898cb0335bbc8848258d7746f3b389a\">\n                <img\n                    title=\"Dupiec 2\"\n                    alt=\"Dupiec 2\"\n                    src=\"https:\/\/www.soustons-noms-lieux.fr\/wp-content\/gallery\/dupiec\/thumbs\/thumbs_dupiec-2-porte-el-web-wm.jpg\"\n                    width=\"100\"\n                    height=\"75\"\n                    style=\"max-width:100%;\"\n                \/>\n            <\/a>\n        <\/div>\n\t\t\t\t\t\t\t<\/div> \n\t\t\t\n                            \n\t\t\t\t<div id=\"ngg-image-2\" class=\"ngg-gallery-thumbnail-box\" >\n\t\t\t\t        <div class=\"ngg-gallery-thumbnail\">\n            <a href=\"https:\/\/www.soustons-noms-lieux.fr\/wp-content\/gallery\/dupiec\/dupiec-3-salon-el-web-wm.jpg\"\n               title=\"Petite salle (photo \u00c9tienne Lavigne, 1999)\"\n               data-src=\"https:\/\/www.soustons-noms-lieux.fr\/wp-content\/gallery\/dupiec\/dupiec-3-salon-el-web-wm.jpg\"\n               data-thumbnail=\"https:\/\/www.soustons-noms-lieux.fr\/wp-content\/gallery\/dupiec\/thumbs\/thumbs_dupiec-3-salon-el-web-wm.jpg\"\n               data-image-id=\"241\"\n               data-title=\"Dupiec 3\"\n               data-description=\"Petite salle (photo \u00c9tienne Lavigne, 1999)\"\n               data-image-slug=\"dupiec-3\"\n               class=\"shutterset_0898cb0335bbc8848258d7746f3b389a\">\n                <img\n                    title=\"Dupiec 3\"\n                    alt=\"Dupiec 3\"\n                    src=\"https:\/\/www.soustons-noms-lieux.fr\/wp-content\/gallery\/dupiec\/thumbs\/thumbs_dupiec-3-salon-el-web-wm.jpg\"\n                    width=\"100\"\n                    height=\"75\"\n                    style=\"max-width:100%;\"\n                \/>\n            <\/a>\n        <\/div>\n\t\t\t\t\t\t\t<\/div> \n\t\t\t\n                            \n\t\t\t\t<div id=\"ngg-image-3\" class=\"ngg-gallery-thumbnail-box\" >\n\t\t\t\t        <div class=\"ngg-gallery-thumbnail\">\n            <a href=\"https:\/\/www.soustons-noms-lieux.fr\/wp-content\/gallery\/dupiec\/dupiec-4-plan-072-el-web-wm.jpg\"\n               title=\"Coupe longitudinale (\u00c9tienne Lavigne, 1999)\"\n               data-src=\"https:\/\/www.soustons-noms-lieux.fr\/wp-content\/gallery\/dupiec\/dupiec-4-plan-072-el-web-wm.jpg\"\n               data-thumbnail=\"https:\/\/www.soustons-noms-lieux.fr\/wp-content\/gallery\/dupiec\/thumbs\/thumbs_dupiec-4-plan-072-el-web-wm.jpg\"\n               data-image-id=\"242\"\n               data-title=\"Dupiec 4\"\n               data-description=\"Coupe longitudinale (\u00c9tienne Lavigne, 1999)\"\n               data-image-slug=\"dupiec-4\"\n               class=\"shutterset_0898cb0335bbc8848258d7746f3b389a\">\n                <img\n                    title=\"Dupiec 4\"\n                    alt=\"Dupiec 4\"\n                    src=\"https:\/\/www.soustons-noms-lieux.fr\/wp-content\/gallery\/dupiec\/thumbs\/thumbs_dupiec-4-plan-072-el-web-wm.jpg\"\n                    width=\"100\"\n                    height=\"75\"\n                    style=\"max-width:100%;\"\n                \/>\n            <\/a>\n        <\/div>\n\t\t\t\t\t\t\t<\/div> \n\t\t\t\n                            \n\t\t\t\t<div id=\"ngg-image-4\" class=\"ngg-gallery-thumbnail-box\" >\n\t\t\t\t        <div class=\"ngg-gallery-thumbnail\">\n            <a href=\"https:\/\/www.soustons-noms-lieux.fr\/wp-content\/gallery\/dupiec\/dupiec-5-plan-073-el-web-wm.jpg\"\n               title=\"Coupe transversale (\u00c9tienne Lavigne, 1999)\"\n               data-src=\"https:\/\/www.soustons-noms-lieux.fr\/wp-content\/gallery\/dupiec\/dupiec-5-plan-073-el-web-wm.jpg\"\n               data-thumbnail=\"https:\/\/www.soustons-noms-lieux.fr\/wp-content\/gallery\/dupiec\/thumbs\/thumbs_dupiec-5-plan-073-el-web-wm.jpg\"\n               data-image-id=\"243\"\n               data-title=\"Dupiec 5\"\n               data-description=\"Coupe transversale (\u00c9tienne Lavigne, 1999)\"\n               data-image-slug=\"dupiec-5\"\n               class=\"shutterset_0898cb0335bbc8848258d7746f3b389a\">\n                <img\n                    title=\"Dupiec 5\"\n                    alt=\"Dupiec 5\"\n                    src=\"https:\/\/www.soustons-noms-lieux.fr\/wp-content\/gallery\/dupiec\/thumbs\/thumbs_dupiec-5-plan-073-el-web-wm.jpg\"\n                    width=\"100\"\n                    height=\"75\"\n                    style=\"max-width:100%;\"\n                \/>\n            <\/a>\n        <\/div>\n\t\t\t\t\t\t\t<\/div> \n\t\t\t\n                            \n\t\t\t\t<div id=\"ngg-image-5\" class=\"ngg-gallery-thumbnail-box\" >\n\t\t\t\t        <div class=\"ngg-gallery-thumbnail\">\n            <a href=\"https:\/\/www.soustons-noms-lieux.fr\/wp-content\/gallery\/dupiec\/dupiec-6-plan-076-el-web-wm.jpg\"\n               title=\"\u00c9l\u00e9vation fa\u00e7ade est, linteau de la porte dat\u00e9 1859 (\u00c9tienne Lavigne, 1999)\"\n               data-src=\"https:\/\/www.soustons-noms-lieux.fr\/wp-content\/gallery\/dupiec\/dupiec-6-plan-076-el-web-wm.jpg\"\n               data-thumbnail=\"https:\/\/www.soustons-noms-lieux.fr\/wp-content\/gallery\/dupiec\/thumbs\/thumbs_dupiec-6-plan-076-el-web-wm.jpg\"\n               data-image-id=\"244\"\n               data-title=\"Dupiec 6\"\n               data-description=\"\u00c9l\u00e9vation fa\u00e7ade est, linteau de la porte dat\u00e9 1859 (\u00c9tienne Lavigne, 1999)\"\n               data-image-slug=\"dupiec-6\"\n               class=\"shutterset_0898cb0335bbc8848258d7746f3b389a\">\n                <img\n                    title=\"Dupiec 6\"\n                    alt=\"Dupiec 6\"\n                    src=\"https:\/\/www.soustons-noms-lieux.fr\/wp-content\/gallery\/dupiec\/thumbs\/thumbs_dupiec-6-plan-076-el-web-wm.jpg\"\n                    width=\"100\"\n                    height=\"75\"\n                    style=\"max-width:100%;\"\n                \/>\n            <\/a>\n        <\/div>\n\t\t\t\t\t\t\t<\/div> \n\t\t\t\n                                    <br style=\"clear: both\" \/>\n                    \n\t\t\t\t<div id=\"ngg-image-6\" class=\"ngg-gallery-thumbnail-box\" >\n\t\t\t\t        <div class=\"ngg-gallery-thumbnail\">\n            <a href=\"https:\/\/www.soustons-noms-lieux.fr\/wp-content\/gallery\/dupiec\/dupiec-7-plan-077-el-web-wm.jpg\"\n               title=\"\u00c9l\u00e9vation fa\u00e7ade sud (\u00c9tienne Lavigne, 1999)\"\n               data-src=\"https:\/\/www.soustons-noms-lieux.fr\/wp-content\/gallery\/dupiec\/dupiec-7-plan-077-el-web-wm.jpg\"\n               data-thumbnail=\"https:\/\/www.soustons-noms-lieux.fr\/wp-content\/gallery\/dupiec\/thumbs\/thumbs_dupiec-7-plan-077-el-web-wm.jpg\"\n               data-image-id=\"245\"\n               data-title=\"Dupiec 7\"\n               data-description=\"\u00c9l\u00e9vation fa\u00e7ade sud (\u00c9tienne Lavigne, 1999)\"\n               data-image-slug=\"dupiec-7\"\n               class=\"shutterset_0898cb0335bbc8848258d7746f3b389a\">\n                <img\n                    title=\"Dupiec 7\"\n                    alt=\"Dupiec 7\"\n                    src=\"https:\/\/www.soustons-noms-lieux.fr\/wp-content\/gallery\/dupiec\/thumbs\/thumbs_dupiec-7-plan-077-el-web-wm.jpg\"\n                    width=\"100\"\n                    height=\"75\"\n                    style=\"max-width:100%;\"\n                \/>\n            <\/a>\n        <\/div>\n\t\t\t\t\t\t\t<\/div> \n\t\t\t\n                            \n\t\t\t\t<div id=\"ngg-image-7\" class=\"ngg-gallery-thumbnail-box\" >\n\t\t\t\t        <div class=\"ngg-gallery-thumbnail\">\n            <a href=\"https:\/\/www.soustons-noms-lieux.fr\/wp-content\/gallery\/dupiec\/dupiec-8-plan-078-el-web-wm.jpg\"\n               title=\"\u00c9l\u00e9vation fa\u00e7ade ouest (\u00c9tienne Lavigne, 1999)\"\n               data-src=\"https:\/\/www.soustons-noms-lieux.fr\/wp-content\/gallery\/dupiec\/dupiec-8-plan-078-el-web-wm.jpg\"\n               data-thumbnail=\"https:\/\/www.soustons-noms-lieux.fr\/wp-content\/gallery\/dupiec\/thumbs\/thumbs_dupiec-8-plan-078-el-web-wm.jpg\"\n               data-image-id=\"246\"\n               data-title=\"Dupiec 8\"\n               data-description=\"\u00c9l\u00e9vation fa\u00e7ade ouest (\u00c9tienne Lavigne, 1999)\"\n               data-image-slug=\"dupiec-8\"\n               class=\"shutterset_0898cb0335bbc8848258d7746f3b389a\">\n                <img\n                    title=\"Dupiec 8\"\n                    alt=\"Dupiec 8\"\n                    src=\"https:\/\/www.soustons-noms-lieux.fr\/wp-content\/gallery\/dupiec\/thumbs\/thumbs_dupiec-8-plan-078-el-web-wm.jpg\"\n                    width=\"100\"\n                    height=\"75\"\n                    style=\"max-width:100%;\"\n                \/>\n            <\/a>\n        <\/div>\n\t\t\t\t\t\t\t<\/div> \n\t\t\t\n                            \n\t\t\t\t<div id=\"ngg-image-8\" class=\"ngg-gallery-thumbnail-box\" >\n\t\t\t\t        <div class=\"ngg-gallery-thumbnail\">\n            <a href=\"https:\/\/www.soustons-noms-lieux.fr\/wp-content\/gallery\/dupiec\/dupiec-9-plan-079-el-web-wm.jpg\"\n               title=\"\u00c9l\u00e9vation fa\u00e7ade nord (\u00c9tienne Lavigne, 1999)\"\n               data-src=\"https:\/\/www.soustons-noms-lieux.fr\/wp-content\/gallery\/dupiec\/dupiec-9-plan-079-el-web-wm.jpg\"\n               data-thumbnail=\"https:\/\/www.soustons-noms-lieux.fr\/wp-content\/gallery\/dupiec\/thumbs\/thumbs_dupiec-9-plan-079-el-web-wm.jpg\"\n               data-image-id=\"247\"\n               data-title=\"Dupiec 9\"\n               data-description=\"\u00c9l\u00e9vation fa\u00e7ade nord (\u00c9tienne Lavigne, 1999)\"\n               data-image-slug=\"dupiec-9\"\n               class=\"shutterset_0898cb0335bbc8848258d7746f3b389a\">\n                <img\n                    title=\"Dupiec 9\"\n                    alt=\"Dupiec 9\"\n                    src=\"https:\/\/www.soustons-noms-lieux.fr\/wp-content\/gallery\/dupiec\/thumbs\/thumbs_dupiec-9-plan-079-el-web-wm.jpg\"\n                    width=\"100\"\n                    height=\"75\"\n                    style=\"max-width:100%;\"\n                \/>\n            <\/a>\n        <\/div>\n\t\t\t\t\t\t\t<\/div> \n\t\t\t\n                            \n\t\t\n\t\t<div class=\"ngg-clear\"><\/div>\n\t<\/div>\n\n<p>Retourner \u00e0 :&nbsp;<a href=\"https:\/\/www.soustons-noms-lieux.fr\/?page_id=3101\">Galeries<\/a><\/p>\n","protected":false},"excerpt":{"rendered":"<p>Dupiec&nbsp;Voir la fiche de nom Retourner \u00e0 :&nbsp;Galeries<\/p>\n","protected":false},"author":1,"featured_media":0,"parent":0,"menu_order":1236,"comment_status":"closed","ping_status":"closed","template":"onecolumn-page.php","meta":{"ngg_post_thumbnail":0,"footnotes":""},"class_list":["post-4982","page","type-page","status-publish","hentry"],"_links":{"self":[{"href":"https:\/\/www.soustons-noms-lieux.fr\/index.php?rest_route=\/wp\/v2\/pages\/4982","targetHints":{"allow":["GET"]}}],"collection":[{"href":"https:\/\/www.soustons-noms-lieux.fr\/index.php?rest_route=\/wp\/v2\/pages"}],"about":[{"href":"https:\/\/www.soustons-noms-lieux.fr\/index.php?rest_route=\/wp\/v2\/types\/page"}],"author":[{"embeddable":true,"href":"https:\/\/www.soustons-noms-lieux.fr\/index.php?rest_route=\/wp\/v2\/users\/1"}],"replies":[{"embeddable":true,"href":"https:\/\/www.soustons-noms-lieux.fr\/index.php?rest_route=%2Fwp%2Fv2%2Fcomments&post=4982"}],"version-history":[{"count":4,"href":"https:\/\/www.soustons-noms-lieux.fr\/index.php?rest_route=\/wp\/v2\/pages\/4982\/revisions"}],"predecessor-version":[{"id":6724,"href":"https:\/\/www.soustons-noms-lieux.fr\/index.php?rest_route=\/wp\/v2\/pages\/4982\/revisions\/6724"}],"wp:attachment":[{"href":"https:\/\/www.soustons-noms-lieux.fr\/index.php?rest_route=%2Fwp%2Fv2%2Fmedia&parent=4982"}],"curies":[{"name":"wp","href":"https:\/\/api.w.org\/{rel}","templated":true}]}}