{"id":515,"date":"2011-12-10T18:39:32","date_gmt":"2011-12-10T18:39:32","guid":{"rendered":"http:\/\/www.soustons-noms-lieux.fr\/?page_id=515"},"modified":"2015-02-10T08:56:43","modified_gmt":"2015-02-10T08:56:43","slug":"le-coq-le-faisan-et-le-vicaire","status":"publish","type":"page","link":"https:\/\/www.soustons-noms-lieux.fr\/?page_id=515","title":{"rendered":"Le coq, le faisan et le vicaire \u2013 Gaillou"},"content":{"rendered":"<p>Cette note sur le microtoponyme Gaillou a \u00e9t\u00e9 publi\u00e9e dans le bulletin de l&rsquo;association SADIPAC Sud landais,\u00a0<em>Cahiers du Sud landais, <\/em>Capbreton, n\u00b0 8, \u00a0sous le titre <em>Le coq, le faisan et le vicaire.<\/em><\/p>\n<p style=\"text-align: center;\">_________________________________________________________________________________________________________________<\/p>\n<p style=\"text-align: center;\"><span class=\"Apple-style-span\" style=\"color: #000000; font-family: Baskerville, Georgia, 'Times New Roman', Times, serif; font-size: 17px; line-height: 25px;\">Alain CASTAIGNOS \u00a0 \u00a0 \u00a0 \u00a0 \u00a0 \u00a0 \u00a0 \u00a0 \u00a0 \u00a0 \u00a0 \u00a0 \u00a0 \u00a0 \u00a0 \u00a0 \u00a0 \u00a0 \u00a0 \u00a0 \u00a0 \u00a0 \u00a0 \u00a0 \u00a0 \u00a0 \u00a0 \u00a0 \u00a0 \u00a0 \u00a0 \u00a0 \u00a0 \u00a0 \u00a0 \u00a0 \u00a0 \u00a0 \u00a0 \u00a0 \u00a0Andr\u00e9 LABERTIT<\/span><\/p>\n<h3 style=\"text-align: center;\">LE COQ, LE FAISAN ET LE VICAIRE<\/h3>\n<h3 style=\"text-align: center;\">Notice sur un nom de lieu soustonnais : Gaillou<\/h3>\n<p style=\"text-align: center;\">__________<\/p>\n<p style=\"text-align: justify;\">O\u00f9 trouve-t-on ce nom de lieu\u00a0? En deux endroits\u00a0: l&rsquo;un sur la route de Tosse, lieu-dit <strong>Gaillou<\/strong>-de-la-Bette, not\u00e9 <strong>Gaillou<\/strong> sur la carte IGN 1343 OT, l&rsquo;autre sur la m\u00eame carte, route de Soustons \u00e0 Seignosse par l&rsquo;\u00c9tang-Blanc, dit <strong>Gaillou<\/strong>-de-Pountaout. Que signifie-t-il\u00a0? D&rsquo;o\u00f9 vient-il ? (&#8230;)<\/p>\n<p><a href=\"https:\/\/www.soustons-noms-lieux.fr\/wp-content\/uploads\/60 autres notes et publications\/Gaillou-article9-copie.pdf\" target=\"_blank\">Lire la suite<\/a><\/p>\n<p><em><\/em><a href=\"https:\/\/www.soustons-noms-lieux.fr\/wp-content\/gallery\/puntau\/puntau-3-gaillou-de-puntau-2-ac-web-wm.jpg\" target=\"_blank\">Voir l&rsquo;image Gaillou de Puntau<\/a><\/p>\n<p>_________________________________________________________________________________________________________________<\/p>\n<p>Retourner \u00e0 :\u00a0<a href=\"https:\/\/www.soustons-noms-lieux.fr\/?page_id=153\" target=\"_blank\">Autres notes<\/a><\/p>\n<p>Aller \u00e0 :\u00a0<a title=\"Accueil\" href=\"https:\/\/www.soustons-noms-lieux.fr\/\" target=\"_blank\">Accueil<\/a><\/p>\n<p><em><br \/>\n<\/em><\/p>\n","protected":false},"excerpt":{"rendered":"<p>Cette note sur le microtoponyme Gaillou a \u00e9t\u00e9 publi\u00e9e dans le bulletin de l&rsquo;association SADIPAC Sud landais,\u00a0Cahiers du Sud landais, Capbreton, n\u00b0 8, \u00a0sous le titre Le coq, le faisan et le vicaire. _________________________________________________________________________________________________________________ Alain CASTAIGNOS \u00a0 \u00a0 \u00a0 \u00a0 &hellip; <a href=\"https:\/\/www.soustons-noms-lieux.fr\/?page_id=515\">Continuer la lecture <span class=\"meta-nav\">&rarr;<\/span><\/a><\/p>\n","protected":false},"author":1,"featured_media":0,"parent":153,"menu_order":660,"comment_status":"closed","ping_status":"closed","template":"onecolumn-page.php","meta":{"ngg_post_thumbnail":0,"footnotes":""},"class_list":["post-515","page","type-page","status-publish","hentry"],"_links":{"self":[{"href":"https:\/\/www.soustons-noms-lieux.fr\/index.php?rest_route=\/wp\/v2\/pages\/515","targetHints":{"allow":["GET"]}}],"collection":[{"href":"https:\/\/www.soustons-noms-lieux.fr\/index.php?rest_route=\/wp\/v2\/pages"}],"about":[{"href":"https:\/\/www.soustons-noms-lieux.fr\/index.php?rest_route=\/wp\/v2\/types\/page"}],"author":[{"embeddable":true,"href":"https:\/\/www.soustons-noms-lieux.fr\/index.php?rest_route=\/wp\/v2\/users\/1"}],"replies":[{"embeddable":true,"href":"https:\/\/www.soustons-noms-lieux.fr\/index.php?rest_route=%2Fwp%2Fv2%2Fcomments&post=515"}],"version-history":[{"count":2,"href":"https:\/\/www.soustons-noms-lieux.fr\/index.php?rest_route=\/wp\/v2\/pages\/515\/revisions"}],"predecessor-version":[{"id":4084,"href":"https:\/\/www.soustons-noms-lieux.fr\/index.php?rest_route=\/wp\/v2\/pages\/515\/revisions\/4084"}],"up":[{"embeddable":true,"href":"https:\/\/www.soustons-noms-lieux.fr\/index.php?rest_route=\/wp\/v2\/pages\/153"}],"wp:attachment":[{"href":"https:\/\/www.soustons-noms-lieux.fr\/index.php?rest_route=%2Fwp%2Fv2%2Fmedia&parent=515"}],"curies":[{"name":"wp","href":"https:\/\/api.w.org\/{rel}","templated":true}]}}