{"id":6629,"date":"2018-01-01T10:34:19","date_gmt":"2018-01-01T10:34:19","guid":{"rendered":"http:\/\/www.soustons-noms-lieux.fr\/?page_id=6629"},"modified":"2018-01-01T16:26:17","modified_gmt":"2018-01-01T16:26:17","slug":"les-noms-de-lieux-mode-demploi","status":"publish","type":"page","link":"https:\/\/www.soustons-noms-lieux.fr\/?page_id=6629","title":{"rendered":"Les noms de lieux (mode d&#8217;emploi)"},"content":{"rendered":"<p>Les <strong>noms&nbsp;de lieu<\/strong> sont moins nombreux que les lieux-dits du fait qu&rsquo;un m\u00eame nom peut servir \u00e0 d\u00e9signer plusieurs lieux. Par exemple, Sterling d\u00e9signe les lieux-dits maison Sterling, place de Sterling, croix de Sterling, ruisseau de Sterling, fontaine de Sterling, quartier de Sterling, secteur cadastral de Sterling&#8230;<br \/>\nHuit cent noms de lieux environ ont \u00e9t\u00e9 relev\u00e9s sur la commune de Soustons.<\/p>\n<p>La signification des noms est discut\u00e9e dans la Fiche de nom.<br \/>\nVoir :&nbsp;<a href=\"https:\/\/www.soustons-noms-lieux.fr\/?page_id=122\" target=\"_blank\" rel=\"noopener noreferrer\">Le mode d&#8217;emploi de la Fiche de nom<\/a><\/p>\n<p>Un classement des noms selon des cat\u00e9gories a \u00e9t\u00e9 retenu.<br \/>\nVoir :&nbsp;&nbsp;<a href=\"https:\/\/www.soustons-noms-lieux.fr\/?page_id=785\" target=\"_blank\" rel=\"noopener noreferrer\">Les cat\u00e9gories de noms de lieux<\/a><\/p>\n<p>Retourner \u00e0 : <a href=\"https:\/\/www.soustons-noms-lieux.fr\/?page_id=451\" target=\"_blank\" rel=\"noopener noreferrer\">Mode d&#8217;emploi<\/a><\/p>\n<p>Retourner \u00e0 :&nbsp;<a title=\"Accueil\" href=\"https:\/\/www.soustons-noms-lieux.fr\/\" target=\"_blank\" rel=\"noopener noreferrer\">Accueil<\/a><\/p>\n","protected":false},"excerpt":{"rendered":"<p>Les noms&nbsp;de lieu sont moins nombreux que les lieux-dits du fait qu&rsquo;un m\u00eame nom peut servir \u00e0 d\u00e9signer plusieurs lieux. Par exemple, Sterling d\u00e9signe les lieux-dits maison Sterling, place de Sterling, croix de Sterling, ruisseau de Sterling, fontaine de Sterling, &hellip; <a href=\"https:\/\/www.soustons-noms-lieux.fr\/?page_id=6629\">Continuer la lecture <span class=\"meta-nav\">&rarr;<\/span><\/a><\/p>\n","protected":false},"author":1,"featured_media":0,"parent":451,"menu_order":430,"comment_status":"closed","ping_status":"closed","template":"","meta":{"ngg_post_thumbnail":0,"footnotes":""},"class_list":["post-6629","page","type-page","status-publish","hentry"],"_links":{"self":[{"href":"https:\/\/www.soustons-noms-lieux.fr\/index.php?rest_route=\/wp\/v2\/pages\/6629","targetHints":{"allow":["GET"]}}],"collection":[{"href":"https:\/\/www.soustons-noms-lieux.fr\/index.php?rest_route=\/wp\/v2\/pages"}],"about":[{"href":"https:\/\/www.soustons-noms-lieux.fr\/index.php?rest_route=\/wp\/v2\/types\/page"}],"author":[{"embeddable":true,"href":"https:\/\/www.soustons-noms-lieux.fr\/index.php?rest_route=\/wp\/v2\/users\/1"}],"replies":[{"embeddable":true,"href":"https:\/\/www.soustons-noms-lieux.fr\/index.php?rest_route=%2Fwp%2Fv2%2Fcomments&post=6629"}],"version-history":[{"count":6,"href":"https:\/\/www.soustons-noms-lieux.fr\/index.php?rest_route=\/wp\/v2\/pages\/6629\/revisions"}],"predecessor-version":[{"id":6679,"href":"https:\/\/www.soustons-noms-lieux.fr\/index.php?rest_route=\/wp\/v2\/pages\/6629\/revisions\/6679"}],"up":[{"embeddable":true,"href":"https:\/\/www.soustons-noms-lieux.fr\/index.php?rest_route=\/wp\/v2\/pages\/451"}],"wp:attachment":[{"href":"https:\/\/www.soustons-noms-lieux.fr\/index.php?rest_route=%2Fwp%2Fv2%2Fmedia&parent=6629"}],"curies":[{"name":"wp","href":"https:\/\/api.w.org\/{rel}","templated":true}]}}